+ -646. Let y = -199 + 168. Let d = y - g. Is d a composite number?
False
Let q be ((-68)/20 - -3)*-10. Suppose 2*t - q*t = -6. Is (-14)/(105/(-33) + t) a prime number?
False
Let v(z) = z**3 - 5*z**2 + 4*z - 12. Let m(b) = b**2 + 10*b - 5. Let p be m(-11). Let y be v(p). Suppose 61 = d - y. Is d a composite number?
False
Let s = -866 + 565. Let v = -78 - s. Is v a composite number?
False
Let o be ((-4 - -2) + 0)*-1. Suppose 0 = -t - o*t. Suppose t = -5*c - 408 + 4943. Is c a composite number?
False
Let q(g) be the third derivative of -91*g**4/6 + g**3/2 - 13*g**2. Is q(-1) prime?
True
Suppose -6*j + 1164 = -2*j. Suppose -2*a = a - j. Is a prime?
True
Suppose 6 = o + 4. Suppose 14 = -o*v + 5*z + 1, 0 = -4*v - 3*z - 13. Is 1 + v - 4*-38 a composite number?
False
Suppose 4*a + 0*a + 4484 = 5*d, d - 3*a = 899. Suppose 3*x = 13 + d. Is x prime?
False
Suppose -14106 = 215*w - 218*w. Is w prime?
False
Suppose -6*f = -4*f. Is f + (322 - (-6)/(-2)) composite?
True
Let o(w) = 28*w - 29. Let c be 2132/182 - 3/((-21)/2). Is o(c) composite?
False
Suppose 3*f + 15 = -2*f. Let j = -3 - f. Suppose 0 = -2*h - j*h + 38. Is h composite?
False
Suppose -4*p + 5*p - 5 = 0. Suppose -p*u + 583 = t - 182, 3*t = -3*u + 459. Let s = u + -86. Is s a prime number?
True
Let l be 22/(0 + 4 + -6). Let t(o) = 2*o**2 - 4*o + 15. Is t(l) a composite number?
True
Suppose y + 6516 = k, 4095 = 2*k + y - 8937. Let w = -581 + k. Is w a prime number?
False
Let c(y) be the second derivative of 487*y**5/20 - y**4/6 - y**3/6 - 5*y. Let u be c(-1). Is (u/(-12))/((-2)/(-6)) prime?
False
Let c(r) be the first derivative of 3*r**5/40 - r**4/12 - r**3/3 + 1. Let s(p) be the third derivative of c(p). Is s(3) prime?
False
Let p(g) = g**3 - g**2 + g - 10. Let m be p(0). Let y(i) = -i - 9. Let q be y(m). Is (q/(-1))/((-6)/126) composite?
True
Let k = 65 - 41. Let m be 6/16 - 9/k. Suppose 0*p + p - 223 = m. Is p prime?
True
Suppose -8*q + 11*q - 9 = 0. Suppose -5*p = -q*p - 296. Suppose 6*n - 10*n + p = 0. Is n a composite number?
False
Let z = 10466 + -3705. Is z prime?
True
Suppose 2*s + 70 = -3*s. Is (-6 + (-91)/s)/(1/1838) a prime number?
True
Let q = 4 - 5. Is ((-64)/(-12) + 3/q)*159 a prime number?
False
Is 3*((-2190)/(-45) - (-8)/(-2)) prime?
False
Let d be (-22)/33 - 16/(-6). Suppose n + 4*n - 849 = -4*p, p - d*n - 209 = 0. Is p a composite number?
False
Let l(n) = 3*n**3 + 3*n**2 + 10*n + 3. Let k be l(-7). Let d = k + 1848. Is d composite?
True
Let w(t) = 99*t + 20. Is w(9) a composite number?
False
Let c(q) = 753*q**2 - 3*q + 8. Let w be c(2). Suppose 4*s = -5*g + 12039, 2*g = s - g - w. Is s composite?
False
Let k = 11 - 4. Suppose -k*w + 5*w = 0. Suppose w*u + 257 = u. Is u prime?
True
Let i be (-14)/(-4) - (-1)/(-2). Suppose -i*r = 125 + 835. Let q = r + 511. Is q composite?
False
Suppose 9*p + 286 = 1816. Suppose -4*a + 722 = -p. Is a a composite number?
False
Suppose -8*m = 3*i - 10*m - 12, -24 = -5*i + 2*m. Let r(s) = 7*s**3 + 10*s + 9. Let j be r(-6). Is (j/i)/((-1)/2) a prime number?
True
Let x = 92 - 80. Suppose 3*l + 4581 = x*l. Is l composite?
False
Let u = 917 + -211. Is u a composite number?
True
Suppose -1 = 2*h - 5. Suppose h*d + 19 - 7 = 4*b, -2*b = 2*d - 12. Is (-695)/(1/(b + -5)) a prime number?
False
Suppose -2*r - 4*k + 32 = -0*r, 12 = 4*k. Suppose z + 2*d - 116 = 0, 0 = 2*d - 4*d - r. Let f = z - 73. Is f a prime number?
True
Is 6/15*19495/(-28)*-2 a composite number?
False
Let k be (-29 - 0)/((-15)/(-30)). Let c = k + -40. Let x = c + 181. Is x prime?
True
Let z = -36 - -29. Is 31/((-6)/8 + z/(-4)) a composite number?
False
Suppose 2*x - g + 2*g = 54, x - 22 = 2*g. Suppose 4*j - 4*h + 6 = 26, -4*j + 34 = 3*h. Let d = x + j. Is d a composite number?
True
Let v be 1085 + (-8)/4 + 3. Let h be 1 - v - (-4 + 6). Let s = h - -1558. Is s a composite number?
True
Suppose 5*m - 3506 = -6*j + 5*j, -5*m - 10418 = -3*j. Is j prime?
False
Let r = -10 + 20. Suppose a - 6 - r = 0. Is 2/3*2136/a a prime number?
True
Suppose -9 = 3*c, -373 - 172 = -u - 3*c. Suppose -2*x = -u - 204. Is x composite?
False
Let v be (-1)/(-4) - (-15)/4. Suppose 2*t = v*p + 7898, p = -4*t + 3*p + 15820. Is t prime?
False
Suppose 4*x - 3252 - 7706 = -3*i, i = -2. Is x a prime number?
True
Let m be (2 + 0)*(-315)/3. Let s be m/(-8)*(-60)/(-5). Let y = -124 + s. Is y prime?
True
Let w be (-60)/(-28) + 1/(-7). Suppose 0 = 2*g + 5*y - 15, 0 = 4*g + y + w*y - 23. Suppose -34 = -g*v + 451. Is v composite?
False
Suppose 0 = -42*g + 3687666 - 320736. Is g prime?
False
Let o be (-2976 - 8)*9/12. Is ((-3)/2)/(1*9/o) composite?
False
Let w = 10 - 7. Suppose 0 = -4*z + 3*d + 374, -w*z + 418 = d + 131. Suppose m - z - 24 = 0. Is m composite?
True
Suppose 5*t + 3*q = 9862, -4*t + 2*q - q + 7893 = 0. Is t composite?
False
Suppose -3*s = -5*c - 41, 0 = -s + 2. Let i(y) = -6*y**3 - 16*y**2 + 7*y - 12. Is i(c) a composite number?
False
Let y(r) = r + 19. Let w be y(-16). Suppose w*u - 7*u = -104. Is (2 - 0)*39/u prime?
True
Let j = 28 - -1. Let b = 38 + j. Is b a composite number?
False
Let k(u) = 478*u**2 + 3*u - 11. Is k(2) a prime number?
True
Suppose -i - 4*i = 25. Let q = i - -21. Let v(k) = k**3 - 15*k**2 + 4*k + 17. Is v(q) prime?
True
Let f = -748 - -1197. Suppose 5*d = 886 + f. Is d a prime number?
False
Let g be (-8 - -2)*6/(-9). Suppose -10 = -g*w - w. Is (220/(-8))/((-1)/w) a prime number?
False
Let b(f) = 4*f - 17. Let s be b(5). Suppose 0 = -s*v + 407 + 364. Is v prime?
True
Let j be 26/5 + (-1)/5. Suppose 0 = 5*d - q - 7579, 2*d - j*q - 1014 = 2013. Suppose -m + 654 = 2*n, 4*n - d + 188 = 3*m. Is n prime?
False
Suppose 2*s + 4380 = i, -s - s - 4*i - 4380 = 0. Suppose 0 = 5*z + 2*p + 52, -4 + 0 = 4*p. Is 5 + -1 + s/z composite?
False
Suppose 0 = 5*r - 5*y + 20, 3*r - 4*y + 17 = 2. Is r - -26 - (-14 - -17) prime?
False
Is (-1 - 3)/(8/(-77398)) composite?
False
Let k(a) be the third derivative of -a**5/20 + 11*a**4/24 + 2*a**3/3 + 2*a**2. Let d be k(-8). Is 0 - d/(1 + 3) prime?
False
Let p = -9 + 13. Let j be 1 + p + (-3 - -4). Suppose -5*u - 107 = -i, 4*u = j*i - 3*i - 266. Is i prime?
False
Let x(z) = -973*z**2 - 4*z + 3. Let j be x(1). Let n = 1641 + j. Is n a composite number?
True
Suppose -10 = -3*m + n, -16 = -0*n + 4*n. Suppose 6*b = m*b. Suppose -4*w = -2*v - 132, 4*w + b*v + 5*v = 104. Is w composite?
False
Let t(y) = 11*y**2 + 6*y + 5. Suppose -2*m + 3*j = 35, 0*j + 52 = -3*m + 4*j. Let b be ((-18)/12)/((-6)/m). Is t(b) composite?
False
Let h(k) = 10*k - 5. Let z be h(6). Suppose -s = -94 - z. Is s prime?
True
Suppose -k + 2*k - j = -3, -3*k - 14 = -4*j. Suppose -k*l = m - 127, -5*l = 3*m - 0*l - 383. Is m a composite number?
False
Let l = 800 - 747. Is l prime?
True
Let b = 13 + -28. Let v = 0 + b. Is 624/9 - (-5)/v a composite number?
True
Is -12*(-15442)/63 + 2/3 a prime number?
False
Suppose 2*w + 60 = 4*z, -w = -z + 22 + 7. Is (-1)/((-42)/w*4/(-8166)) a composite number?
False
Let b be (-3)/(-3) + 132 + 0. Let l = 461 - b. Suppose -5*h + 447 = 3*n, 0 = -4*h + 2*n + 3*n + l. Is h a composite number?
True
Let d = -16233 - -24014. Is d composite?
True
Let d(c) = 3*c - 3 - 69*c**2 + 669*c**2 + 179*c**2. Is d(1) a prime number?
False
Let p(b) = 124*b**2 - 10*b + 5. Is p(2) composite?
True
Suppose 13828 = 4*j - 4*d, -3*j + d + 6128 = -4251. Let h = 100 + j. Is h a composite number?
True
Is ((-204176)/64)/(4/(-16)) a prime number?
False
Let q(g) = g**2. Let d be q(0). Suppose 2*f - 5*n - 244 = 0, d*f = -4*f - 3*n + 488. Suppose -365 = -5*l - 4*z, -497 + f = -5*l - 2*z. Is l prime?
False
Let l be (-2)/4 - 18/(-4). Let w(o) = 52*o**3 - 5*o**2 + 6*o - 5. Let i(j) = -j**3 + j**2 - j. Let g(s) = 2*i(s) + w(s). Is g(l) a composite number?
False
Let u(x) = 2*x + 1. Let n be u(1). Suppose 3 = 3*q - n. Is 453/9 + q/3 prime?
False
Let v(u) = 338*u**2 - 5*u + 1. Suppose 0 = -4*f - 0 + 12. Let w(q) = 337*q**2 - 4*q. Let s(i) = f*w(i) - 2*v(i). Is s(-1) a prime number?
False
Suppose 0 = -4*k - 4*y + 130608, 0 = 4*k - 8*y + 4*y - 130584. Is k a composite number?
True
Let x(c) be the second derivative of -11*c**5/10 - c**4/12 - c**3/6 - c**2/2 + c. Suppose -3*l - 16 = -2*l - 3*h, -4*h = 5*l - 15. Is x(l) composite?
True
Let l be (-2)/12 - 400/(-96). Let y(k) = 116*k + 15. Is y(l) a composite number?
False
Suppo